) = 9*o - 13. Let l(m) = 8*m - 12. Let b(q) = -5*d(q) + 6*l(q). What is the units digit of b(5)?
8
Suppose -2*x + 4*z = -28, 5*x + 4*z + 3 - 115 = 0. What is the units digit of x?
0
Let o = 4 - 1. What is the units digit of 4 - o - (-1 + -9)?
1
Let i(s) = -s**2 + 6*s + 2. Let u be i(6). Suppose b - u - 1 = 0. What is the units digit of 1 + 0 - b/(-3)?
2
Let m(y) = y - 8. Let a be m(10). Suppose -a*v + 50 = -16. What is the tens digit of v?
3
Let w be 2 - (-2 - -3 - 3). Let u = 13 - w. Suppose -p + u = -3. What is the units digit of p?
2
Let q be 5 - (-3)/((-9)/6). Suppose -c + 2*c = -5*d - 13, -2*c = q*d + 5. Suppose -3*b = 5*i - 64, 0*i = c*i - b - 19. What is the units digit of i?
1
Suppose -4*u + 4 = -2*u. Suppose -u*d = -1 - 1. What is the units digit of ((-6)/(-4))/(d/4)?
6
Suppose -40*n = -34*n - 624. What is the hundreds digit of n?
1
Suppose 4*g + 4*i + i + 7 = 0, 5*i + 13 = -g. Suppose -2*c + 18 = -0*c. Let s = c - g. What is the units digit of s?
7
Let i(g) = g - 3. Let m be i(6). Suppose q - 7 = -q + 3*h, -m*q = 3*h - 33. What is the units digit of q?
8
Suppose -3 = -2*p + 1. Suppose 5*c - 4*a = -2*a + 83, p*a - 7 = -c. What is the units digit of ((-22)/5)/((-6)/c)?
1
Let o(m) = -m**2 - 26. Let t be o(0). Let d(s) = -s - 3. Let p be d(-5). What is the units digit of t/(-12)*3*p?
3
Suppose -52 = -n - 3*o, o - 16 = -3*o. Let a = n + -12. What is the tens digit of a?
2
Let a(w) = w**2 - 7*w - 6. Let i be a(8). Suppose 3*t + i*t = 30. What is the units digit of 13/3 - t/(-9)?
5
Suppose 0 = 2*t - 5*t + 3. Let v = 3 - t. Let y = v + 7. What is the units digit of y?
9
Let o = 1 + 4. Let l(n) = -n - 2 + 1 - o + 3*n. What is the units digit of l(9)?
2
Let f be 3/(15/(-2))*-5. What is the tens digit of 3 + f*33/6?
1
Suppose -3*y + 17 = -2*p + p, -5*p - 47 = 4*y. What is the tens digit of (p/2)/((-4)/8)?
1
Suppose 0 = 10*x - 13*x + 762. What is the units digit of x?
4
Let y(q) = 8*q**2 - 6*q - 2. Let i(d) = -d**2 + d + 1. Let r(a) = 3*i(a) + y(a). What is the units digit of r(3)?
7
Let x(z) = z**3 - 9*z**2 + 10. Let g = -15 + 24. What is the tens digit of x(g)?
1
Let t be ((-16)/(-20))/((-4)/(-110)). Suppose 5*q + 0*c + 4*c = -t, q = -5*c - 17. What is the units digit of (-5 - -1)*-1 - q?
6
Let y = -55 - -109. What is the units digit of y?
4
Suppose 5*n - 50 = -4*g + 2*g, -40 = -4*n - 3*g. What is the tens digit of n?
1
Let p = 108 - -28. What is the hundreds digit of p?
1
Let r(z) = -z**3 - 7*z**2 + 2. Let i be r(-7). What is the units digit of i*2 + (-4 - -4)?
4
What is the tens digit of 1*-3 + 1320/22?
5
Suppose 2*n = -n + 30. Suppose -2 = v - n. What is the units digit of v?
8
Let f(c) = -c**2 - 9*c - 9. Let u be f(-8). What is the units digit of 3 - (u + 3) - -3?
4
Suppose 26 = -9*c + 260. What is the units digit of c?
6
Suppose -5*l + 4*k + 6 = 0, 2*l - k = -l + 5. Suppose -14 + 4 = -l*i. Suppose -5*j = -4*b - 0*b + 24, 0 = -i*j - 20. What is the units digit of b?
1
Suppose -3*w + 2*t = 3*t + 5, -4*w - t = 5. Suppose -29 = -5*b + 21. Suppose i - 3*m - 6 - 4 = w, 2*i - b = m. What is the units digit of i?
4
Suppose -k = 4*k. Suppose k = -3*a - w + 45, -2*a + 9 + 11 = 4*w. What is the tens digit of a?
1
Let j(i) = -i**2 + 9*i - 15. Let g = 1 + 5. What is the units digit of j(g)?
3
Let y = -11 + 18. What is the units digit of 12 - 16/(y - 3)?
8
Let s = 7 + -2. Let c be (3/2)/(s/10). Suppose 7 + c = 2*y. What is the units digit of y?
5
Let g(d) = -5*d - 8. Let a be g(10). Let y = a - -123. Suppose -y = -3*m - 2*m - 5*u, -u = 2. What is the units digit of m?
5
Let u(x) = -52*x. Let b be u(-1). Let k = b - 34. What is the units digit of k?
8
Let o be -2*(3 - 2) + 6. Suppose -4*n - 31 = 4*f - 3, o*f - 5*n = 17. What is the units digit of 5*1 + f + 0?
3
Suppose -4*m + 50 = m. What is the units digit of m?
0
Let r(w) = w**2 + 4*w. Let s be r(-5). Suppose 0 = -2*c - 4*l + 30, 0 = s*c + 4*l - 45. What is the units digit of c?
5
Let w = -9 - -9. Suppose w = 18*m - 15*m - 12. What is the units digit of m?
4
Let l be 27/(-21) - 2/(-7). Let k = 10 + l. Let z = k + -3. What is the units digit of z?
6
Let f(n) = -n**3 - 10*n**2 + 12*n + 16. Let h(l) = -3*l**2 - 2*l - 3. Let v be h(-2). Let k be f(v). Suppose -k*o = -0*o - 55. What is the tens digit of o?
1
Suppose 2*u - 4*i = 8, -5*u + 4*i - 3*i + 2 = 0. Suppose 5*d = -u*d + 40. What is the units digit of d?
8
Let r(u) = -2*u + 1. Let k be r(-1). Let t be ((-1)/((-3)/(-3)))/1. Let h = k + t. What is the units digit of h?
2
Let m(n) = -n - 3. Let o be m(-3). Suppose -k + 5*k - 116 = o. What is the tens digit of k?
2
Let x(t) = -t - 4. Let f be x(-4). Let l(m) be the third derivative of m**6/120 + m**3/3 + 3*m**2. What is the units digit of l(f)?
2
Suppose -3*g = 2*s - 215, 3*s = -g - 2*g + 219. What is the units digit of g?
9
Suppose -2*d - 10 = -7*d. Let p = d - 3. What is the units digit of (-2)/p*(-3)/(-6)?
1
Let b(t) = t + 2. Let p be b(-5). What is the units digit of (-2)/p + 1/3?
1
Let y(d) = -4*d**3 - 3*d**2 + 4*d. Let r be y(-3). Let k = r + -35. What is the units digit of k?
4
Suppose 0 = 3*b - b - 10. Suppose 2*y - i - 4 = 0, -3 = -3*y - b*i - 10. What is the units digit of (-7*3)/(-3)*y?
7
Suppose -17*x - 738 = -23*x. What is the tens digit of x?
2
Let z be 66/(-4)*(1 - -1). Suppose l - 4 = 4*k + 5*l, -5*l - 5 = 3*k. What is the tens digit of -3*(k + z/9)?
1
Let f be 2 + -1 - (9 - 9). Let a = f + 4. Suppose -2*m - 3*m = -i + 38, -a*i - m + 60 = 0. What is the units digit of i?
3
Let n be -1*(-2 - 2) + 1. Let v = n + -10. Let m(i) = i**3 + 5*i**2 - i + 4. What is the units digit of m(v)?
9
Let l(q) = q**2 + 10*q + 9. Suppose u + 36 = -3*u. Let t be l(u). Suppose v - 4*v + 51 = t. What is the units digit of v?
7
Let i(l) = 2*l**3 + 3*l**2 - 4*l + 4. What is the units digit of i(2)?
4
Let l(b) = b**2 - 3*b - 3. Let o(c) = -c**3 + 3*c**2 + 2*c - 1. Let n be o(-2). Suppose -n - 5 = -4*a. What is the units digit of l(a)?
7
Let a be 1/2*(5 - 5). Suppose 3*y + a*y = 24. What is the units digit of y?
8
Let y = 10 + -7. What is the units digit of 1 - (-5 - (-2 + y))?
7
Let k be (-2)/11 + (-24)/(-11). Suppose -2*h = k*h - 80. What is the units digit of (36/20)/(6/h)?
6
Suppose -2*m + 474 = -112. What is the units digit of m?
3
Let j(h) = h**3 + 6*h**2 + h + 8. Let u be j(-6). Suppose -3*q = -3*o + 6, u*q - 2 = 3*q - 4*o. Let k(i) = -6*i + 2. What is the units digit of k(q)?
4
Suppose -3*q + 329 = -0*q + 4*d, 5*q = -d + 520. What is the units digit of q?
3
Let m(b) = -3*b - 1. Let g be m(9). What is the units digit of g/70 + (-212)/(-5)?
2
Suppose a = -2*q + 38, 6*q - q - 4*a = 108. What is the tens digit of q?
2
Let l(h) = h**3 - 8*h**2 + 2*h + 6. Let q be l(8). Suppose -q = -w - 8. What is the units digit of w?
4
What is the tens digit of (-1)/((-14)/(-4)) + (-3712)/(-56)?
6
Suppose 4*j - 105 = 3*j. What is the tens digit of j?
0
What is the tens digit of (-86)/(((-6)/1)/3)?
4
Suppose 0*v + 5 = -v. Let u(s) = -s**3 - 6*s**2 - 7*s - 1. What is the units digit of u(v)?
9
Suppose -4*u + u = -5*t + 72, -35 = -2*t - 5*u. Suppose -3*p = 2*p - t. Suppose p = 4*x - 13. What is the units digit of x?
4
Let w be (3 - 1)*5/1. Suppose -2*f - 5*c = -w + 1, 2*f = -2*c. What is the units digit of (f - -12) + 0/(-2)?
9
What is the units digit of 2 + -3 + (-3 - -58)?
4
Let h = -17 + 25. Suppose -4*i + h = 0, 4*d + 10 = d + 5*i. Suppose d = -2*u + 8 + 14. What is the units digit of u?
1
Let z = 7 - 5. Suppose 3*f + 3 = z*f. What is the units digit of (-17)/(-3) + 2/f?
5
Let q(k) = 21*k - 59. What is the hundreds digit of q(17)?
2
Let u(r) = r**2 - 7*r + 8. Let s be (-4 - 0)/((-2)/1). Let m be ((-8)/12)/(s/(-18)). What is the units digit of u(m)?
2
Let n = -197 - -299. What is the hundreds digit of n?
1
Let i be ((-4)/(-2))/(2/33). Suppose 0 = -6*h + 4*h + 4. Suppose k = -h*k + i. What is the tens digit of k?
1
Suppose 0 = 4*r - 610 - 102. What is the hundreds digit of r?
1
Suppose -3*m - 7*y = -2*y - 11, 5*y - 7 = -m. Suppose -1 = -4*p + 5*q, 14 = 5*p - q - q. Suppose 5 = z + g, p = m*z - 4*g - 0. What is the units digit of z?
4
Suppose -4*r + 4 = -2*h, -2*h - h + 24 = 4*r. Suppose -2 = m - 4. Suppose -m*t + 34 = -4*g, r*t = 2*t - 4*g - 13. What is the units digit of t?
7
Let v(a) = -2*a - 4. Let y be (10/(-4))/(2/4).